inder when 25971702 is divided by 526?
452
Calculate the remainder when 1441674 is divided by 480555.
9
Calculate the remainder when 5413116 is divided by 5413103.
13
Calculate the remainder when 89738 is divided by 4133.
2945
What is the remainder when 26323787 is divided by 58?
23
Calculate the remainder when 408612 is divided by 8193.
7155
Calculate the remainder when 8499491 is divided by 2.
1
Calculate the remainder when 6949008 is divided by 11679.
3
Calculate the remainder when 14650 is divided by 346.
118
Calculate the remainder when 881284 is divided by 440620.
44
What is the remainder when 3011429 is divided by 11450?
79
What is the remainder when 480107 is divided by 476053?
4054
What is the remainder when 883806 is divided by 31563?
42
Calculate the remainder when 5008317 is divided by 40.
37
Calculate the remainder when 96266 is divided by 745.
161
Calculate the remainder when 2622995 is divided by 545.
455
Calculate the remainder when 1759261 is divided by 70.
21
Calculate the remainder when 25789 is divided by 25761.
28
What is the remainder when 15931382 is divided by 1612?
1598
Calculate the remainder when 8029565 is divided by 329.
320
Calculate the remainder when 158654 is divided by 55.
34
What is the remainder when 956817 is divided by 1331?
1159
What is the remainder when 128150 is divided by 42546?
512
Calculate the remainder when 37923 is divided by 1202.
661
Calculate the remainder when 214322 is divided by 214295.
27
What is the remainder when 47495754 is divided by 772?
770
What is the remainder when 6007104 is divided by 214534?
152
Calculate the remainder when 181154 is divided by 7531.
410
What is the remainder when 91266 is divided by 118?
52
What is the remainder when 184769 is divided by 2531?
6
What is the remainder when 1072145 is divided by 44671?
41
What is the remainder when 117638325 is divided by 3436?
3429
What is the remainder when 87769580 is divided by 111?
104
Calculate the remainder when 1532765 is divided by 4820.
5
Calculate the remainder when 281365 is divided by 3970.
3465
Calculate the remainder when 55551742 is divided by 304.
302
What is the remainder when 82594875 is divided by 2884?
2883
What is the remainder when 9450286 is divided by 4724928?
430
What is the remainder when 62585 is divided by 30963?
659
Calculate the remainder when 107471172 is divided by 4271.
4270
Calculate the remainder when 5247556 is divided by 85.
81
Calculate the remainder when 3527575 is divided by 148.
143
Calculate the remainder when 1274265 is divided by 53.
39
What is the remainder when 821373 is divided by 410246?
881
Calculate the remainder when 5657776 is divided by 1162.
1160
What is the remainder when 55920 is divided by 85?
75
Calculate the remainder when 20527397 is divided by 177.
176
Calculate the remainder when 7072 is divided by 120.
112
Calculate the remainder when 29188 is divided by 263.
258
Calculate the remainder when 547803 is divided by 58.
51
What is the remainder when 981584 is divided by 1227?
1211
What is the remainder when 78198310 is divided by 379?
377
What is the remainder when 1712841077 is divided by 26?
25
Calculate the remainder when 62241582 is divided by 5.
2
What is the remainder when 8372773 is divided by 1674549?
28
Calculate the remainder when 1044781 is divided by 437.
351
What is the remainder when 16153375 is divided by 20?
15
Calculate the remainder when 53518 is divided by 1501.
983
Calculate the remainder when 873947 is divided by 3057.
2702
What is the remainder when 589842 is divided by 275?
242
What is the remainder when 5632 is divided by 1841?
109
Calculate the remainder when 21924367 is divided by 206.
199
What is the remainder when 43756 is divided by 8720?
156
What is the remainder when 427051 is divided by 283?
4
What is the remainder when 314184 is divided by 460?
4
What is the remainder when 22652 is divided by 2829?
20
Calculate the remainder when 18947475 is divided by 789478.
3
Calculate the remainder when 34772 is divided by 4903.
451
Calculate the remainder when 4783777 is divided by 1594580.
37
Calculate the remainder when 577945 is divided by 3114.
1855
Calculate the remainder when 27624 is divided by 3453.
0
What is the remainder when 16961 is divided by 378?
329
What is the remainder when 1667488 is divided by 333495?
13
Calculate the remainder when 9479 is divided by 2955.
614
What is the remainder when 1887562 is divided by 943710?
142
What is the remainder when 11347 is divided by 2731?
423
Calculate the remainder when 357145 is divided by 3672.
961
What is the remainder when 929643 is divided by 463?
402
Calculate the remainder when 731255 is divided by 16248.
95
Calculate the remainder when 2234299 is divided by 7923.
13
What is the remainder when 1971110 is divided by 14387?
91
What is the remainder when 35962538 is divided by 4?
2
Calculate the remainder when 1325543 is divided by 101963.
24
What is the remainder when 70733 is divided by 934?
683
What is the remainder when 526993 is divided by 263237?
519
Calculate the remainder when 1866882 is divided by 135.
102
What is the remainder when 1195316 is divided by 1403?
1363
What is the remainder when 1044209 is divided by 2217?
2
Calculate the remainder when 115372 is divided by 57412.
548
Calculate the remainder when 9044379 is divided by 502465.
9
Calculate the remainder when 28336694 is divided by 1494.
1490
What is the remainder when 7734496 is divided by 8710?
16
What is the remainder when 179635 is divided by 29891?
289
Calculate the remainder when 16610724 is divided by 436.
432
What is the remainder when 448826 is divided by 20837?
11249
What is the remainder when 1037169 is divided by 1036986?
183
What is the remainder when 9785720 is divided by 1263?
1259
What is the remainder when 16500577 is divided by 54?
13
Calculate the remainder when 4230777 is divided by 7.
5
Calculate the remainder when 4872849 is divided by 108.
105
Calculate the remainder when 115739293 is divided by 100.
93
Calculate the remainder when 1962575 is divided by 392499.
80
Calculate the remainder when 154033 is divided by 224.
145
Calculate the remainder when 6500826 is divided by 21384.
90
What is the remainder when 35340295 is divided by 428?
335
Calculate the remainder when 5676330 is divided by 1135262.
20
Calculate the remainder when 86055 is divided by 1507.
156
What is the remainder when 2285853 is divided by 457167?
18
What is the remainder when 7390048 is divided by 3695016?
16
What is the remainder when 853121 is divided by 88?
49
Calculate the remainder when 13873386 is divided by 2312227.
24
What is the remainder when 339475 is divided by 369?
364
What is the remainder when 23691405 is divided by 137?
132
What is the remainder when 1166685 is divided by 233329?
40
Calculate the remainder when 691366 is divided by 3509.
93
What is the remainder when 666098 is divided by 666071?
27
Calculate the remainder when 256353 is divided by 1134.
69
What is the remainder when 9461216 is divided by 3367?
3313
What is the remainder when 1519799 is divided by 1339?
34
Calculate the remainder when 201141368 is divided by 4802.
4796
Calculate the remainder when 2882733 is divided by 480410.
273
Calculate the remainder when 108426 is divided by 510.
306
What is the remainder when 898940259 is divided by 11042?
11039
Calculate the remainder when 5112546 is divided by 435.
426
Calculate the remainder when 595028569 is divided by 295.
294
What is the remainder when 20350021 is divided by 126?
13
Calculate the remainder when 1037237 is divided by 51861.
17
What is the remainder when 69749113 is divided by 7996?
5
What is the remainder when 4580528 is divided by 22?
18
What is the remainder when 2180437 is divided by 33545?
12
Calculate the remainder when 1618592 is divided by 30.
2
What is the remainder when 76073 is divided by 4153?
1319
Calculate the remainder when 1452187 is divided by 725919.
349
What is the remainder when 7083487 is divided by 513?
496
Calculate the remainder when 9374972 is divided by 16.
12
What is the remainder when 186568 is divided by 62186?
10
Calculate the remainder when 1888514 is divided by 701.
20
Calculate the remainder when 31936982 is divided by 1811.
1808
What is the remainder wh